{"id":2556,"date":"2025-08-07T18:52:33","date_gmt":"2025-08-07T15:52:33","guid":{"rendered":"https:\/\/b-lingua.ee\/?page_id=2556"},"modified":"2025-08-07T19:19:35","modified_gmt":"2025-08-07T16:19:35","slug":"nashi-pedagogi","status":"publish","type":"page","link":"https:\/\/b-lingua.ee\/?page_id=2556","title":{"rendered":"\u041d\u0430\u0448\u0438 \u043f\u0435\u0434\u0430\u0433\u043e\u0433\u0438"},"content":{"rendered":"<div class=\"wpb-content-wrapper\"><p>[vc_row][vc_column][vc_column_text]<strong>DARJA BERESTOVA (Tasemed A1-C1)<\/strong><\/p>\n<p>Eesti kui teise keele \u00f5petaja, inglise keele, saksa keele \u00f5petaja<\/p>\n<p>Tartu \u00dclikool Narva Kolled\u017e<\/p>\n<p>Magistrikraad<\/p>\n<p>T\u00f6\u00f6kogemus 18 aastat<\/p>\n<p>&nbsp;<\/p>\n<p>&nbsp;<\/p>\n<p><strong>POLINA FRANTSEVA (Tasemed A1-B2)<\/strong><\/p>\n<p>Eesti keele kui teise keele \u00f5petaja, norra keele \u00f5petaja<\/p>\n<p>Tartu \u00dclikool<\/p>\n<p>Magistrikraad<\/p>\n<p>T\u00f6\u00f6kogemus 7 aastat<\/p>\n<p>&nbsp;<\/p>\n<p>&nbsp;<\/p>\n<p><strong>SIRJE PERTMAN ( Tasemed A1-B2)<\/strong><\/p>\n<p>Eesti keele kui teise keele \u00f5petaja<\/p>\n<p>Tartu \u00dclikool<\/p>\n<p>Magistrikraad<\/p>\n<p>T\u00f6\u00f6kogemus 10 aastat<\/p>\n<p>&nbsp;<\/p>\n<p><strong>IRINA SUVOROVA ( Tasemed A1-B2)<\/strong><\/p>\n<p>Eesti keele kui teise keele \u00f5petaja<\/p>\n<p>Tartu \u00dclikool<\/p>\n<p>Magistrikraad<\/p>\n<p>T\u00f6\u00f6kogemus \u00fcle 20 aasta<\/p>\n<p>&nbsp;<\/p>\n<p><strong>IRINA EVART (Tasemed A1-B2)<\/strong><\/p>\n<p>Eesti keele kui teise keele \u00f5petaja<\/p>\n<p>Tartu \u00dclikool<\/p>\n<p>Magistrikraad<\/p>\n<p>T\u00f6\u00f6kogemus \u00fcle 15 aasta<\/p>\n<p>&nbsp;<\/p>\n<p><strong>NATALJA \u0160UBINA ( Tasemed A1-B2)<\/strong><\/p>\n<p>Eesti keele kui teise keele \u00f5petaja<\/p>\n<p>Tartu \u00dclikool<\/p>\n<p>Magistrikraad<\/p>\n<p>T\u00f6\u00f6kogemus \u00fcle 20\u00a0 aasta<\/p>\n<p>&nbsp;<\/p>\n<p><strong>ANU ABRAMSON (Tasemed A1-C1)<\/strong><\/p>\n<p>Eesti keele \u00f5petaja<\/p>\n<p>T\u00f6\u00f6kogemus \u00fcle 25 aasta<\/p>\n<p>&nbsp;<\/p>\n<p><strong>Sofja K\u00e4rsten ( p\u00f5hikooli ja g\u00fcmnaasiumi \u00f5pilased)<\/strong><\/p>\n<p>Eesti keele kui teise keele \u00f5petaja<\/p>\n<p>Tartu \u00fclikool, bakalauruse kraad<\/p>\n<p>T\u00f6\u00f6kogemus \u00fcle 3 aasta<\/p>\n<p>&nbsp;<\/p>\n<p>&nbsp;[\/vc_column_text][\/vc_column][\/vc_row]<\/p>\n<\/div>","protected":false},"excerpt":{"rendered":"<p>[vc_row][vc_column][vc_column_text]DARJA BERESTOVA (Tasemed A1-C1) Eesti kui teise keele \u00f5petaja, inglise keele, saksa keele \u00f5petaja Tartu \u00dclikool Narva Kolled\u017e Magistrikraad T\u00f6\u00f6kogemus 18 aastat &nbsp; &nbsp; POLINA FRANTSEVA (Tasemed A1-B2) Eesti keele kui teise keele \u00f5petaja, norra keele \u00f5petaja Tartu \u00dclikool Magistrikraad T\u00f6\u00f6kogemus 7 aastat &nbsp; &nbsp; SIRJE PERTMAN ( Tasemed A1-B2) Eesti keele kui teise keele [&hellip;]<\/p>\n","protected":false},"author":1,"featured_media":1494,"parent":0,"menu_order":0,"comment_status":"closed","ping_status":"closed","template":"","meta":{"footnotes":""},"class_list":["post-2556","page","type-page","status-publish","has-post-thumbnail","hentry"],"_links":{"self":[{"href":"https:\/\/b-lingua.ee\/index.php?rest_route=\/wp\/v2\/pages\/2556","targetHints":{"allow":["GET"]}}],"collection":[{"href":"https:\/\/b-lingua.ee\/index.php?rest_route=\/wp\/v2\/pages"}],"about":[{"href":"https:\/\/b-lingua.ee\/index.php?rest_route=\/wp\/v2\/types\/page"}],"author":[{"embeddable":true,"href":"https:\/\/b-lingua.ee\/index.php?rest_route=\/wp\/v2\/users\/1"}],"replies":[{"embeddable":true,"href":"https:\/\/b-lingua.ee\/index.php?rest_route=%2Fwp%2Fv2%2Fcomments&post=2556"}],"version-history":[{"count":3,"href":"https:\/\/b-lingua.ee\/index.php?rest_route=\/wp\/v2\/pages\/2556\/revisions"}],"predecessor-version":[{"id":2575,"href":"https:\/\/b-lingua.ee\/index.php?rest_route=\/wp\/v2\/pages\/2556\/revisions\/2575"}],"wp:featuredmedia":[{"embeddable":true,"href":"https:\/\/b-lingua.ee\/index.php?rest_route=\/wp\/v2\/media\/1494"}],"wp:attachment":[{"href":"https:\/\/b-lingua.ee\/index.php?rest_route=%2Fwp%2Fv2%2Fmedia&parent=2556"}],"curies":[{"name":"wp","href":"https:\/\/api.w.org\/{rel}","templated":true}]}}

Наши педагоги

<div class="wpb-content-wrapper"><p>[vc_row][vc_column][vc_column_text]<strong>DARJA BERESTOVA (Tasemed A1-C1)</strong></p>
<p>Eesti kui teise keele õpetaja, inglise keele, saksa keele õpetaja</p>
<p>Tartu Ülikool Narva Kolledž</p>
<p>Magistrikraad</p>
<p>Töökogemus 18 aastat</p>
<p>&nbsp;</p>
<p>&nbsp;</p>
<p><strong>POLINA FRANTSEVA (Tasemed A1-B2)</strong></p>
<p>Eesti keele kui teise keele õpetaja, norra keele õpetaja</p>
<p>Tartu Ülikool</p>
<p>Magistrikraad</p>
<p>Töökogemus 7 aastat</p>
<p>&nbsp;</p>
<p>&nbsp;</p>
<p><strong>SIRJE PERTMAN ( Tasemed A1-B2)</strong></p>
<p>Eesti keele kui teise keele õpetaja</p>
<p>Tartu Ülikool</p>
<p>Magistrikraad</p>
<p>Töökogemus 10 aastat</p>
<p>&nbsp;</p>
<p><strong>IRINA SUVOROVA ( Tasemed A1-B2)</strong></p>
<p>Eesti keele kui teise keele õpetaja</p>
<p>Tartu Ülikool</p>
<p>Magistrikraad</p>
<p>Töökogemus üle 20 aasta</p>
<p>&nbsp;</p>
<p><strong>IRINA EVART (Tasemed A1-B2)</strong></p>
<p>Eesti keele kui teise keele õpetaja</p>
<p>Tartu Ülikool</p>
<p>Magistrikraad</p>
<p>Töökogemus üle 15 aasta</p>
<p>&nbsp;</p>
<p><strong>NATALJA ŠUBINA ( Tasemed A1-B2)</strong></p>
<p>Eesti keele kui teise keele õpetaja</p>
<p>Tartu Ülikool</p>
<p>Magistrikraad</p>
<p>Töökogemus üle 20  aasta</p>
<p>&nbsp;</p>
<p><strong>ANU ABRAMSON (Tasemed A1-C1)</strong></p>
<p>Eesti keele õpetaja</p>
<p>Töökogemus üle 25 aasta</p>
<p>&nbsp;</p>
<p><strong>Sofja Kärsten ( põhikooli ja gümnaasiumi õpilased)</strong></p>
<p>Eesti keele kui teise keele õpetaja</p>
<p>Tartu ülikool, bakalauruse kraad</p>
<p>Töökogemus üle 3 aasta</p>
<p>&nbsp;</p>
<p>&nbsp;[/vc_column_text][/vc_column][/vc_row]</p>
</div>

<p>[vc_row][vc_column][vc_column_text]DARJA BERESTOVA (Tasemed A1-C1) Eesti kui teise keele õpetaja, inglise keele, saksa keele õpetaja Tartu Ülikool Narva Kolledž Magistrikraad Töökogemus 18 aastat &nbsp; &nbsp; POLINA FRANTSEVA (Tasemed A1-B2) Eesti keele kui teise keele õpetaja, norra keele õpetaja Tartu Ülikool Magistrikraad Töökogemus 7 aastat &nbsp; &nbsp; SIRJE PERTMAN ( Tasemed A1-B2) Eesti keele kui teise keele [&hellip;]</p>
